{"id":87193,"date":"2026-04-29T14:15:55","date_gmt":"2026-04-29T12:15:55","guid":{"rendered":"https:\/\/casacolliregas.cat\/?post_type=product&#038;p=87193"},"modified":"2026-04-29T14:24:12","modified_gmt":"2026-04-29T12:24:12","slug":"visita-especial-jornadas-europeas-del-patrimonio-copia","status":"publish","type":"product","link":"https:\/\/casacolliregas.cat\/es\/producte\/visita-especial-jornadas-europeas-del-patrimonio-copia\/","title":{"rendered":"Dia internacional del museus: Patis amagats"},"content":{"rendered":"<p><strong>LA CASA COLL I REG\u00c0S: PATIOS ESCONDIDOS<\/strong><\/p>\n<p>Visita a la planta noble de la Casa con acceso exclusivo al primer piso para descubrir los patios m\u00e1s escondidos de la Casa:<\/p>\n<p>Espacio de patio de luces y zona de patio de manzana, el m\u00e1s grande de todo Matar\u00f3 (primer piso no adaptado para personas con movilidad reducida).<\/p>\n<p>\u00a1Domingo 17 a las 11h, 12h ya las 13h!<\/p>\n<p>Precio: Gratuito (m\u00e1ximo 4 entradas por reserva)<br \/>\nDuraci\u00f3n: 45 minutos<br \/>\nM\u00e1s informaci\u00f3n a <a href=\"mailto:visites@casacolliregas.cat\">visites@casacolliregas.cat<\/a> y T. 682156765<br \/>\nOrganiza: Fundaci\u00f3 Iluro<\/p>\n","protected":false},"excerpt":{"rendered":"<p>LA CASA COLL I REG\u00c0S: PATIOS ESCONDIDOS Visita a la planta noble de la Casa con acceso exclusivo al primer piso para descubrir los patios m\u00e1s escondidos de la Casa: Espacio de patio de luces y zona de patio de&hellip;<\/p>\n","protected":false},"featured_media":73817,"template":"","meta":{"_acf_changed":false},"product_brand":[],"product_cat":[25],"product_tag":[63,64,65,66,67,43,42,68,40,69,41,255],"class_list":{"0":"post-87193","1":"product","2":"type-product","3":"status-publish","4":"has-post-thumbnail","6":"product_cat-visita-es","7":"product_tag-arquitectura-es","8":"product_tag-art-es","9":"product_tag-artnouveau-es","10":"product_tag-barcelona-es","11":"product_tag-catalunya-es","12":"product_tag-cultura-es","13":"product_tag-mataro-es","14":"product_tag-modernism-es","15":"product_tag-modernisme-es","16":"product_tag-modernismo-es","17":"product_tag-puig-i-cadafalch-es","18":"product_tag-visita-es","19":"entry","20":"has-media","22":"first","23":"instock","24":"virtual","25":"sold-individually","26":"purchasable","27":"product-type-booking"},"booking_location":"","booking_location_type":"","booking_duration":1,"booking_duration_unit":"hour","booking_buffer":0,"booking_cost":0,"booking_resources":[],"acf":[],"yoast_head":"<!-- This site is optimized with the Yoast SEO plugin v26.8 - https:\/\/yoast.com\/product\/yoast-seo-wordpress\/ -->\n<title>Dia internacional del museus: Patis amagats - Casa Coll i Reg\u00e0s<\/title>\n<meta name=\"description\" content=\"Ven a descubrir la joya del Modernismo de Matar\u00f3, proyecto del arquitecto Mataron\u00ed Josep Puig i Cadafalch por encargo del industrial textil Joaquim Coll i Reg\u00e0s\" \/>\n<meta name=\"robots\" content=\"index, follow, max-snippet:-1, max-image-preview:large, max-video-preview:-1\" \/>\n<link rel=\"canonical\" href=\"https:\/\/casacolliregas.cat\/es\/producte\/visita-especial-jornadas-europeas-del-patrimonio-copia\/\" \/>\n<meta property=\"og:locale\" content=\"es_ES\" \/>\n<meta property=\"og:type\" content=\"article\" \/>\n<meta property=\"og:title\" content=\"Dia internacional del museus: Patis amagats - Casa Coll i Reg\u00e0s\" \/>\n<meta property=\"og:description\" content=\"Ven a descubrir la joya del Modernismo de Matar\u00f3, proyecto del arquitecto Mataron\u00ed Josep Puig i Cadafalch por encargo del industrial textil Joaquim Coll i Reg\u00e0s\" \/>\n<meta property=\"og:url\" content=\"https:\/\/casacolliregas.cat\/es\/producte\/visita-especial-jornadas-europeas-del-patrimonio-copia\/\" \/>\n<meta property=\"og:site_name\" content=\"Casa Coll i Reg\u00e0s\" \/>\n<meta property=\"article:publisher\" content=\"https:\/\/www.facebook.com\/casacolliregas\/\" \/>\n<meta property=\"article:modified_time\" content=\"2026-04-29T12:24:12+00:00\" \/>\n<meta property=\"og:image\" content=\"https:\/\/casacolliregas.cat\/wp-content\/uploads\/2025\/04\/pati1.png\" \/>\n\t<meta property=\"og:image:width\" content=\"1024\" \/>\n\t<meta property=\"og:image:height\" content=\"682\" \/>\n\t<meta property=\"og:image:type\" content=\"image\/png\" \/>\n<meta name=\"twitter:card\" content=\"summary_large_image\" \/>\n<meta name=\"twitter:site\" content=\"@casacolliregas\" \/>\n<meta name=\"twitter:label1\" content=\"Tiempo de lectura\" \/>\n\t<meta name=\"twitter:data1\" content=\"1 minuto\" \/>\n<!-- \/ Yoast SEO plugin. -->","yoast_head_json":{"title":"Dia internacional del museus: Patis amagats - Casa Coll i Reg\u00e0s","description":"Ven a descubrir la joya del Modernismo de Matar\u00f3, proyecto del arquitecto Mataron\u00ed Josep Puig i Cadafalch por encargo del industrial textil Joaquim Coll i Reg\u00e0s","robots":{"index":"index","follow":"follow","max-snippet":"max-snippet:-1","max-image-preview":"max-image-preview:large","max-video-preview":"max-video-preview:-1"},"canonical":"https:\/\/casacolliregas.cat\/es\/producte\/visita-especial-jornadas-europeas-del-patrimonio-copia\/","og_locale":"es_ES","og_type":"article","og_title":"Dia internacional del museus: Patis amagats - Casa Coll i Reg\u00e0s","og_description":"Ven a descubrir la joya del Modernismo de Matar\u00f3, proyecto del arquitecto Mataron\u00ed Josep Puig i Cadafalch por encargo del industrial textil Joaquim Coll i Reg\u00e0s","og_url":"https:\/\/casacolliregas.cat\/es\/producte\/visita-especial-jornadas-europeas-del-patrimonio-copia\/","og_site_name":"Casa Coll i Reg\u00e0s","article_publisher":"https:\/\/www.facebook.com\/casacolliregas\/","article_modified_time":"2026-04-29T12:24:12+00:00","og_image":[{"width":1024,"height":682,"url":"https:\/\/casacolliregas.cat\/wp-content\/uploads\/2025\/04\/pati1.png","type":"image\/png"}],"twitter_card":"summary_large_image","twitter_site":"@casacolliregas","twitter_misc":{"Tiempo de lectura":"1 minuto"},"schema":{"@context":"https:\/\/schema.org","@graph":[{"@type":"WebPage","@id":"https:\/\/casacolliregas.cat\/es\/producte\/visita-especial-jornadas-europeas-del-patrimonio-copia\/","url":"https:\/\/casacolliregas.cat\/es\/producte\/visita-especial-jornadas-europeas-del-patrimonio-copia\/","name":"Dia internacional del museus: Patis amagats - Casa Coll i Reg\u00e0s","isPartOf":{"@id":"https:\/\/casacolliregas.cat\/#website"},"primaryImageOfPage":{"@id":"https:\/\/casacolliregas.cat\/es\/producte\/visita-especial-jornadas-europeas-del-patrimonio-copia\/#primaryimage"},"image":{"@id":"https:\/\/casacolliregas.cat\/es\/producte\/visita-especial-jornadas-europeas-del-patrimonio-copia\/#primaryimage"},"thumbnailUrl":"https:\/\/casacolliregas.cat\/wp-content\/uploads\/2025\/04\/pati1.png","datePublished":"2026-04-29T12:15:55+00:00","dateModified":"2026-04-29T12:24:12+00:00","description":"Ven a descubrir la joya del Modernismo de Matar\u00f3, proyecto del arquitecto Mataron\u00ed Josep Puig i Cadafalch por encargo del industrial textil Joaquim Coll i Reg\u00e0s","breadcrumb":{"@id":"https:\/\/casacolliregas.cat\/es\/producte\/visita-especial-jornadas-europeas-del-patrimonio-copia\/#breadcrumb"},"inLanguage":"es","potentialAction":[{"@type":"ReadAction","target":["https:\/\/casacolliregas.cat\/es\/producte\/visita-especial-jornadas-europeas-del-patrimonio-copia\/"]}]},{"@type":"ImageObject","inLanguage":"es","@id":"https:\/\/casacolliregas.cat\/es\/producte\/visita-especial-jornadas-europeas-del-patrimonio-copia\/#primaryimage","url":"https:\/\/casacolliregas.cat\/wp-content\/uploads\/2025\/04\/pati1.png","contentUrl":"https:\/\/casacolliregas.cat\/wp-content\/uploads\/2025\/04\/pati1.png","width":1024,"height":682},{"@type":"BreadcrumbList","@id":"https:\/\/casacolliregas.cat\/es\/producte\/visita-especial-jornadas-europeas-del-patrimonio-copia\/#breadcrumb","itemListElement":[{"@type":"ListItem","position":1,"name":"Inici","item":"https:\/\/casacolliregas.cat\/es\/"},{"@type":"ListItem","position":2,"name":"VISITAS GUIADAS Y ACTIVIDADES","item":"https:\/\/casacolliregas.cat\/es\/entradas\/"},{"@type":"ListItem","position":3,"name":"Dia internacional del museus: Patis amagats"}]},{"@type":"WebSite","@id":"https:\/\/casacolliregas.cat\/#website","url":"https:\/\/casacolliregas.cat\/","name":"Casa Coll i Reg\u00e0s","description":"","publisher":{"@id":"https:\/\/casacolliregas.cat\/#organization"},"potentialAction":[{"@type":"SearchAction","target":{"@type":"EntryPoint","urlTemplate":"https:\/\/casacolliregas.cat\/?s={search_term_string}"},"query-input":{"@type":"PropertyValueSpecification","valueRequired":true,"valueName":"search_term_string"}}],"inLanguage":"es"},{"@type":"Organization","@id":"https:\/\/casacolliregas.cat\/#organization","name":"Casa Coll i Reg\u00e0s","url":"https:\/\/casacolliregas.cat\/","logo":{"@type":"ImageObject","inLanguage":"es","@id":"https:\/\/casacolliregas.cat\/#\/schema\/logo\/image\/","url":"https:\/\/casacolliregas.cat\/wp-content\/uploads\/2017\/09\/logo-casa-coll-i-regas.jpg","contentUrl":"https:\/\/casacolliregas.cat\/wp-content\/uploads\/2017\/09\/logo-casa-coll-i-regas.jpg","width":190,"height":125,"caption":"Casa Coll i Reg\u00e0s"},"image":{"@id":"https:\/\/casacolliregas.cat\/#\/schema\/logo\/image\/"},"sameAs":["https:\/\/www.facebook.com\/casacolliregas\/","https:\/\/x.com\/casacolliregas","https:\/\/instagram.com\/casacolliregas","https:\/\/ca.wikipedia.org\/wiki\/Casa_Coll_i_Reg\u00e0s"]}]}},"_links":{"self":[{"href":"https:\/\/casacolliregas.cat\/es\/wp-json\/wp\/v2\/product\/87193","targetHints":{"allow":["GET"]}}],"collection":[{"href":"https:\/\/casacolliregas.cat\/es\/wp-json\/wp\/v2\/product"}],"about":[{"href":"https:\/\/casacolliregas.cat\/es\/wp-json\/wp\/v2\/types\/product"}],"wp:featuredmedia":[{"embeddable":true,"href":"https:\/\/casacolliregas.cat\/es\/wp-json\/wp\/v2\/media\/73817"}],"wp:attachment":[{"href":"https:\/\/casacolliregas.cat\/es\/wp-json\/wp\/v2\/media?parent=87193"}],"wp:term":[{"taxonomy":"product_brand","embeddable":true,"href":"https:\/\/casacolliregas.cat\/es\/wp-json\/wp\/v2\/product_brand?post=87193"},{"taxonomy":"product_cat","embeddable":true,"href":"https:\/\/casacolliregas.cat\/es\/wp-json\/wp\/v2\/product_cat?post=87193"},{"taxonomy":"product_tag","embeddable":true,"href":"https:\/\/casacolliregas.cat\/es\/wp-json\/wp\/v2\/product_tag?post=87193"}],"curies":[{"name":"wp","href":"https:\/\/api.w.org\/{rel}","templated":true}]}}

<p><strong>LA CASA COLL I REGÀS: PATIOS ESCONDIDOS</strong></p>
<p>Visita a la planta noble de la Casa con acceso exclusivo al primer piso para descubrir los patios más escondidos de la Casa:</p>
<p>Espacio de patio de luces y zona de patio de manzana, el más grande de todo Mataró (primer piso no adaptado para personas con movilidad reducida).</p>
<p>¡Domingo 17 a las 11h, 12h ya las 13h!</p>
<p>Precio: Gratuito (máximo 4 entradas por reserva)<br />
Duración: 45 minutos<br />
Más información a <a href="mailto:visites@casacolliregas.cat">visites@casacolliregas.cat</a> y T. 682156765<br />
Organiza: Fundació Iluro</p>

<p>LA CASA COLL I REGÀS: PATIOS ESCONDIDOS Visita a la planta noble de la Casa con acceso exclusivo al primer piso para descubrir los patios más escondidos de la Casa: Espacio de patio de luces y zona de patio de&hellip;</p>

<!-- This site is optimized with the Yoast SEO plugin v26.8 - https://yoast.com/product/yoast-seo-wordpress/ -->
<title>Dia internacional del museus: Patis amagats - Casa Coll i Regàs</title>
<meta name="description" content="Ven a descubrir la joya del Modernismo de Mataró, proyecto del arquitecto Mataroní Josep Puig i Cadafalch por encargo del industrial textil Joaquim Coll i Regàs" />
<meta name="robots" content="index, follow, max-snippet:-1, max-image-preview:large, max-video-preview:-1" />
<link rel="canonical" href="https://casacolliregas.cat/es/producte/visita-especial-jornadas-europeas-del-patrimonio-copia/" />
<meta property="og:locale" content="es_ES" />
<meta property="og:type" content="article" />
<meta property="og:title" content="Dia internacional del museus: Patis amagats - Casa Coll i Regàs" />
<meta property="og:description" content="Ven a descubrir la joya del Modernismo de Mataró, proyecto del arquitecto Mataroní Josep Puig i Cadafalch por encargo del industrial textil Joaquim Coll i Regàs" />
<meta property="og:url" content="https://casacolliregas.cat/es/producte/visita-especial-jornadas-europeas-del-patrimonio-copia/" />
<meta property="og:site_name" content="Casa Coll i Regàs" />
<meta property="article:publisher" content="https://www.facebook.com/casacolliregas/" />
<meta property="article:modified_time" content="2026-04-29T12:24:12+00:00" />
<meta property="og:image" content="https://casacolliregas.cat/wp-content/uploads/2025/04/pati1.png" />
	<meta property="og:image:width" content="1024" />
	<meta property="og:image:height" content="682" />
	<meta property="og:image:type" content="image/png" />
<meta name="twitter:card" content="summary_large_image" />
<meta name="twitter:site" content="@casacolliregas" />
<meta name="twitter:label1" content="Tiempo de lectura" />
	<meta name="twitter:data1" content="1 minuto" />
<!-- / Yoast SEO plugin. -->

Dia internacional del museus: Patis amagats - Casa Coll i Regàs

Ven a descubrir la joya del Modernismo de Mataró, proyecto del arquitecto Mataroní Josep Puig i Cadafalch por encargo del industrial textil Joaquim Coll i Regàs

Casa Coll i Regàs

https://ca.wikipedia.org/wiki/Casa_Coll_i_Regàs
