{"id":69295,"date":"2024-07-03T13:11:04","date_gmt":"2024-07-03T11:11:06","guid":{"rendered":"https:\/\/casacolliregas.cat\/?post_type=product&#038;p=69295"},"modified":"2026-01-16T16:44:30","modified_gmt":"2026-01-16T15:44:30","slug":"la-casa-coll-i-regas-amb-vermut-modernista","status":"publish","type":"product","link":"https:\/\/casacolliregas.cat\/es\/producte\/la-casa-coll-i-regas-amb-vermut-modernista\/","title":{"rendered":"La Casa Coll i Reg\u00e0s con vermut modernista (domingos alternos)"},"content":{"rendered":"<h2>Vermut modernista (primer domingo de cada mes)<\/h2>\n<p><em><strong>Descubre la casa modernista Casa Coll y Reg\u00e0s dise\u00f1ada por Josep Puig i Cadafalch y termina la visita con un vermut modernista en la terraza.<\/strong><\/em><\/p>\n<p><strong>Idioma: catal\u00e1n<\/strong><\/p>\n<p>El proyecto de la Casa Coll i Reg\u00e0s empez\u00f3 en 1897. Ese mismo a\u00f1o se creaba en Italia una nueva bebida, el vermut.<\/p>\n<p>En la Catalu\u00f1a de principios del siglo XX (20) &#8220;hacer el vermut&#8221; era una excusa para quedar con los amigos y la familia para disfrutar de una comida ligera al mediod\u00eda, antes de la comida.<br \/>\nSobre todo, los domingos despu\u00e9s de ir a misa.<\/p>\n<p>Por eso, esta actividad te propone hacer la visita guiada y despu\u00e9s ir a \u201chacer el vermut\u201d, tal y como hac\u00eda la burgues\u00eda acomodada, en la terraza-jard\u00edn de la Casa Coll y Reg\u00e0s.<\/p>\n<p>Durante la actividad se visita la planta noble y la zona exterior de la casa. La actividad puede anularse si no se llega al m\u00ednimo de participantes.<\/p>\n","protected":false},"excerpt":{"rendered":"<p>Vermut modernista (primer domingo de cada mes) Descubre la casa modernista Casa Coll y Reg\u00e0s dise\u00f1ada por Josep Puig i Cadafalch y termina la visita con un vermut modernista en la terraza. Idioma: catal\u00e1n El proyecto de la Casa Coll&hellip;<\/p>\n","protected":false},"featured_media":17915,"template":"","meta":{"_acf_changed":false},"product_brand":[],"product_cat":[25],"product_tag":[63,64,65,66,67,43,42,68,40,69,41,178],"class_list":{"0":"post-69295","1":"product","2":"type-product","3":"status-publish","4":"has-post-thumbnail","6":"product_cat-visita-es","7":"product_tag-arquitectura-es","8":"product_tag-art-es","9":"product_tag-artnouveau-es","10":"product_tag-barcelona-es","11":"product_tag-catalunya-es","12":"product_tag-cultura-es","13":"product_tag-mataro-es","14":"product_tag-modernism-es","15":"product_tag-modernisme-es","16":"product_tag-modernismo-es","17":"product_tag-puig-i-cadafalch-es","18":"product_tag-vermut-2-es","19":"entry","20":"has-media","22":"first","23":"instock","24":"virtual","25":"sold-individually","26":"purchasable","27":"product-type-booking"},"booking_location":"","booking_location_type":"","booking_duration":2,"booking_duration_unit":"hour","booking_buffer":0,"booking_cost":0,"booking_resources":[],"acf":[],"yoast_head":"<!-- This site is optimized with the Yoast SEO plugin v26.8 - https:\/\/yoast.com\/product\/yoast-seo-wordpress\/ -->\n<title>La Casa Coll i Reg\u00e0s con vermut modernista (domingos alternos) - Casa Coll i Reg\u00e0s<\/title>\n<meta name=\"description\" content=\"Ven a descubrir la joya del modernismo de Matar\u00f3, proyecto del arquitecto mataron\u00e9s Josep Puig i Cadafalch y finaliza la visita con un vermut modernista en la terraza.\" \/>\n<meta name=\"robots\" content=\"index, follow, max-snippet:-1, max-image-preview:large, max-video-preview:-1\" \/>\n<link rel=\"canonical\" href=\"https:\/\/casacolliregas.cat\/es\/producte\/la-casa-coll-i-regas-amb-vermut-modernista\/\" \/>\n<meta property=\"og:locale\" content=\"es_ES\" \/>\n<meta property=\"og:type\" content=\"article\" \/>\n<meta property=\"og:title\" content=\"La Casa Coll i Reg\u00e0s con vermut modernista (domingos alternos) - Casa Coll i Reg\u00e0s\" \/>\n<meta property=\"og:description\" content=\"Ven a descubrir la joya del modernismo de Matar\u00f3, proyecto del arquitecto mataron\u00e9s Josep Puig i Cadafalch y finaliza la visita con un vermut modernista en la terraza.\" \/>\n<meta property=\"og:url\" content=\"https:\/\/casacolliregas.cat\/es\/producte\/la-casa-coll-i-regas-amb-vermut-modernista\/\" \/>\n<meta property=\"og:site_name\" content=\"Casa Coll i Reg\u00e0s\" \/>\n<meta property=\"article:publisher\" content=\"https:\/\/www.facebook.com\/casacolliregas\/\" \/>\n<meta property=\"article:modified_time\" content=\"2026-01-16T15:44:30+00:00\" \/>\n<meta property=\"og:image\" content=\"https:\/\/casacolliregas.cat\/wp-content\/uploads\/2020\/07\/vermut-1.jpg\" \/>\n\t<meta property=\"og:image:width\" content=\"1024\" \/>\n\t<meta property=\"og:image:height\" content=\"682\" \/>\n\t<meta property=\"og:image:type\" content=\"image\/jpeg\" \/>\n<meta name=\"twitter:card\" content=\"summary_large_image\" \/>\n<meta name=\"twitter:site\" content=\"@casacolliregas\" \/>\n<meta name=\"twitter:label1\" content=\"Tiempo de lectura\" \/>\n\t<meta name=\"twitter:data1\" content=\"1 minuto\" \/>\n<!-- \/ Yoast SEO plugin. -->","yoast_head_json":{"title":"La Casa Coll i Reg\u00e0s con vermut modernista (domingos alternos) - Casa Coll i Reg\u00e0s","description":"Ven a descubrir la joya del modernismo de Matar\u00f3, proyecto del arquitecto mataron\u00e9s Josep Puig i Cadafalch y finaliza la visita con un vermut modernista en la terraza.","robots":{"index":"index","follow":"follow","max-snippet":"max-snippet:-1","max-image-preview":"max-image-preview:large","max-video-preview":"max-video-preview:-1"},"canonical":"https:\/\/casacolliregas.cat\/es\/producte\/la-casa-coll-i-regas-amb-vermut-modernista\/","og_locale":"es_ES","og_type":"article","og_title":"La Casa Coll i Reg\u00e0s con vermut modernista (domingos alternos) - Casa Coll i Reg\u00e0s","og_description":"Ven a descubrir la joya del modernismo de Matar\u00f3, proyecto del arquitecto mataron\u00e9s Josep Puig i Cadafalch y finaliza la visita con un vermut modernista en la terraza.","og_url":"https:\/\/casacolliregas.cat\/es\/producte\/la-casa-coll-i-regas-amb-vermut-modernista\/","og_site_name":"Casa Coll i Reg\u00e0s","article_publisher":"https:\/\/www.facebook.com\/casacolliregas\/","article_modified_time":"2026-01-16T15:44:30+00:00","og_image":[{"width":1024,"height":682,"url":"https:\/\/casacolliregas.cat\/wp-content\/uploads\/2020\/07\/vermut-1.jpg","type":"image\/jpeg"}],"twitter_card":"summary_large_image","twitter_site":"@casacolliregas","twitter_misc":{"Tiempo de lectura":"1 minuto"},"schema":{"@context":"https:\/\/schema.org","@graph":[{"@type":"WebPage","@id":"https:\/\/casacolliregas.cat\/es\/producte\/la-casa-coll-i-regas-amb-vermut-modernista\/","url":"https:\/\/casacolliregas.cat\/es\/producte\/la-casa-coll-i-regas-amb-vermut-modernista\/","name":"La Casa Coll i Reg\u00e0s con vermut modernista (domingos alternos) - Casa Coll i Reg\u00e0s","isPartOf":{"@id":"https:\/\/casacolliregas.cat\/#website"},"primaryImageOfPage":{"@id":"https:\/\/casacolliregas.cat\/es\/producte\/la-casa-coll-i-regas-amb-vermut-modernista\/#primaryimage"},"image":{"@id":"https:\/\/casacolliregas.cat\/es\/producte\/la-casa-coll-i-regas-amb-vermut-modernista\/#primaryimage"},"thumbnailUrl":"https:\/\/casacolliregas.cat\/wp-content\/uploads\/2020\/07\/vermut-1.jpg","datePublished":"2024-07-03T11:11:06+00:00","dateModified":"2026-01-16T15:44:30+00:00","description":"Ven a descubrir la joya del modernismo de Matar\u00f3, proyecto del arquitecto mataron\u00e9s Josep Puig i Cadafalch y finaliza la visita con un vermut modernista en la terraza.","breadcrumb":{"@id":"https:\/\/casacolliregas.cat\/es\/producte\/la-casa-coll-i-regas-amb-vermut-modernista\/#breadcrumb"},"inLanguage":"es","potentialAction":[{"@type":"ReadAction","target":["https:\/\/casacolliregas.cat\/es\/producte\/la-casa-coll-i-regas-amb-vermut-modernista\/"]}]},{"@type":"ImageObject","inLanguage":"es","@id":"https:\/\/casacolliregas.cat\/es\/producte\/la-casa-coll-i-regas-amb-vermut-modernista\/#primaryimage","url":"https:\/\/casacolliregas.cat\/wp-content\/uploads\/2020\/07\/vermut-1.jpg","contentUrl":"https:\/\/casacolliregas.cat\/wp-content\/uploads\/2020\/07\/vermut-1.jpg","width":1024,"height":682,"caption":"La Casa Coll i Reg\u00e0s amb vermut modernista"},{"@type":"BreadcrumbList","@id":"https:\/\/casacolliregas.cat\/es\/producte\/la-casa-coll-i-regas-amb-vermut-modernista\/#breadcrumb","itemListElement":[{"@type":"ListItem","position":1,"name":"Inici","item":"https:\/\/casacolliregas.cat\/es\/"},{"@type":"ListItem","position":2,"name":"VISITAS GUIADAS Y ACTIVIDADES","item":"https:\/\/casacolliregas.cat\/es\/entradas\/"},{"@type":"ListItem","position":3,"name":"La Casa Coll i Reg\u00e0s con vermut modernista (domingos alternos)"}]},{"@type":"WebSite","@id":"https:\/\/casacolliregas.cat\/#website","url":"https:\/\/casacolliregas.cat\/","name":"Casa Coll i Reg\u00e0s","description":"","publisher":{"@id":"https:\/\/casacolliregas.cat\/#organization"},"potentialAction":[{"@type":"SearchAction","target":{"@type":"EntryPoint","urlTemplate":"https:\/\/casacolliregas.cat\/?s={search_term_string}"},"query-input":{"@type":"PropertyValueSpecification","valueRequired":true,"valueName":"search_term_string"}}],"inLanguage":"es"},{"@type":"Organization","@id":"https:\/\/casacolliregas.cat\/#organization","name":"Casa Coll i Reg\u00e0s","url":"https:\/\/casacolliregas.cat\/","logo":{"@type":"ImageObject","inLanguage":"es","@id":"https:\/\/casacolliregas.cat\/#\/schema\/logo\/image\/","url":"https:\/\/casacolliregas.cat\/wp-content\/uploads\/2017\/09\/logo-casa-coll-i-regas.jpg","contentUrl":"https:\/\/casacolliregas.cat\/wp-content\/uploads\/2017\/09\/logo-casa-coll-i-regas.jpg","width":190,"height":125,"caption":"Casa Coll i Reg\u00e0s"},"image":{"@id":"https:\/\/casacolliregas.cat\/#\/schema\/logo\/image\/"},"sameAs":["https:\/\/www.facebook.com\/casacolliregas\/","https:\/\/x.com\/casacolliregas","https:\/\/instagram.com\/casacolliregas","https:\/\/ca.wikipedia.org\/wiki\/Casa_Coll_i_Reg\u00e0s"]}]}},"_links":{"self":[{"href":"https:\/\/casacolliregas.cat\/es\/wp-json\/wp\/v2\/product\/69295","targetHints":{"allow":["GET"]}}],"collection":[{"href":"https:\/\/casacolliregas.cat\/es\/wp-json\/wp\/v2\/product"}],"about":[{"href":"https:\/\/casacolliregas.cat\/es\/wp-json\/wp\/v2\/types\/product"}],"wp:featuredmedia":[{"embeddable":true,"href":"https:\/\/casacolliregas.cat\/es\/wp-json\/wp\/v2\/media\/17915"}],"wp:attachment":[{"href":"https:\/\/casacolliregas.cat\/es\/wp-json\/wp\/v2\/media?parent=69295"}],"wp:term":[{"taxonomy":"product_brand","embeddable":true,"href":"https:\/\/casacolliregas.cat\/es\/wp-json\/wp\/v2\/product_brand?post=69295"},{"taxonomy":"product_cat","embeddable":true,"href":"https:\/\/casacolliregas.cat\/es\/wp-json\/wp\/v2\/product_cat?post=69295"},{"taxonomy":"product_tag","embeddable":true,"href":"https:\/\/casacolliregas.cat\/es\/wp-json\/wp\/v2\/product_tag?post=69295"}],"curies":[{"name":"wp","href":"https:\/\/api.w.org\/{rel}","templated":true}]}}

La Casa Coll i Regàs con vermut modernista (domingos alternos)

<h2>Vermut modernista (primer domingo de cada mes)</h2>
<p><em><strong>Descubre la casa modernista Casa Coll y Regàs diseñada por Josep Puig i Cadafalch y termina la visita con un vermut modernista en la terraza.</strong></em></p>
<p><strong>Idioma: catalán</strong></p>
<p>El proyecto de la Casa Coll i Regàs empezó en 1897. Ese mismo año se creaba en Italia una nueva bebida, el vermut.</p>
<p>En la Cataluña de principios del siglo XX (20) &#8220;hacer el vermut&#8221; era una excusa para quedar con los amigos y la familia para disfrutar de una comida ligera al mediodía, antes de la comida.<br />
Sobre todo, los domingos después de ir a misa.</p>
<p>Por eso, esta actividad te propone hacer la visita guiada y después ir a “hacer el vermut”, tal y como hacía la burguesía acomodada, en la terraza-jardín de la Casa Coll y Regàs.</p>
<p>Durante la actividad se visita la planta noble y la zona exterior de la casa. La actividad puede anularse si no se llega al mínimo de participantes.</p>

<p>Vermut modernista (primer domingo de cada mes) Descubre la casa modernista Casa Coll y Regàs diseñada por Josep Puig i Cadafalch y termina la visita con un vermut modernista en la terraza. Idioma: catalán El proyecto de la Casa Coll&hellip;</p>

<!-- This site is optimized with the Yoast SEO plugin v26.8 - https://yoast.com/product/yoast-seo-wordpress/ -->
<title>La Casa Coll i Regàs con vermut modernista (domingos alternos) - Casa Coll i Regàs</title>
<meta name="description" content="Ven a descubrir la joya del modernismo de Mataró, proyecto del arquitecto mataronés Josep Puig i Cadafalch y finaliza la visita con un vermut modernista en la terraza." />
<meta name="robots" content="index, follow, max-snippet:-1, max-image-preview:large, max-video-preview:-1" />
<link rel="canonical" href="https://casacolliregas.cat/es/producte/la-casa-coll-i-regas-amb-vermut-modernista/" />
<meta property="og:locale" content="es_ES" />
<meta property="og:type" content="article" />
<meta property="og:title" content="La Casa Coll i Regàs con vermut modernista (domingos alternos) - Casa Coll i Regàs" />
<meta property="og:description" content="Ven a descubrir la joya del modernismo de Mataró, proyecto del arquitecto mataronés Josep Puig i Cadafalch y finaliza la visita con un vermut modernista en la terraza." />
<meta property="og:url" content="https://casacolliregas.cat/es/producte/la-casa-coll-i-regas-amb-vermut-modernista/" />
<meta property="og:site_name" content="Casa Coll i Regàs" />
<meta property="article:publisher" content="https://www.facebook.com/casacolliregas/" />
<meta property="article:modified_time" content="2026-01-16T15:44:30+00:00" />
<meta property="og:image" content="https://casacolliregas.cat/wp-content/uploads/2020/07/vermut-1.jpg" />
	<meta property="og:image:width" content="1024" />
	<meta property="og:image:height" content="682" />
	<meta property="og:image:type" content="image/jpeg" />
<meta name="twitter:card" content="summary_large_image" />
<meta name="twitter:site" content="@casacolliregas" />
<meta name="twitter:label1" content="Tiempo de lectura" />
	<meta name="twitter:data1" content="1 minuto" />
<!-- / Yoast SEO plugin. -->

La Casa Coll i Regàs con vermut modernista (domingos alternos) - Casa Coll i Regàs

Ven a descubrir la joya del modernismo de Mataró, proyecto del arquitecto mataronés Josep Puig i Cadafalch y finaliza la visita con un vermut modernista en la terraza.

Casa Coll i Regàs

La Casa Coll i Regàs amb vermut modernista

https://ca.wikipedia.org/wiki/Casa_Coll_i_Regàs
