{"id":87194,"date":"2026-04-29T14:15:55","date_gmt":"2026-04-29T12:15:55","guid":{"rendered":"https:\/\/casacolliregas.cat\/?post_type=product&#038;p=87194"},"modified":"2026-04-29T14:22:42","modified_gmt":"2026-04-29T12:22:42","slug":"special-visit-european-heritage-days-copia","status":"publish","type":"product","link":"https:\/\/casacolliregas.cat\/en\/producte\/special-visit-european-heritage-days-copia\/","title":{"rendered":"International Museum Day: Hidden Courtyards"},"content":{"rendered":"<p><strong>THE CASA COLL I REG\u00c0S: HIDDEN COURTYARDS<\/strong><\/p>\n<p>Visit the main floor of the House with exclusive access to the first floor to discover the most hidden courtyards of the House:<\/p>\n<p>Celobert space and courtyard area, the largest in all of Matar\u00f3 (first floor not adapted for people with reduced mobility).<\/p>\n<p><strong>Sunday 17 at 11am, 12pm and 1pm!<\/strong><\/p>\n<p>Price: Free (maximum 4 tickets per reservation)<br \/>\nDuration: 45 minutes<br \/>\nMore information at <a href=\"mailto:visites@casacolliregas.cat\">visites@casacolliregas.cat<\/a> and T. 682156765<br \/>\nOrganized by: Fundaci\u00f3 Iluro<\/p>\n","protected":false},"excerpt":{"rendered":"<p>THE CASA COLL I REG\u00c0S: HIDDEN COURTYARDS Visit the main floor of the House with exclusive access to the first floor to discover the most hidden courtyards of the House: Celobert space and courtyard area, the largest in all of&hellip;<\/p>\n","protected":false},"featured_media":73816,"template":"","meta":{"_acf_changed":false},"product_brand":[],"product_cat":[24],"product_tag":[56,57,58,59,60,48,47,61,45,62,46,254],"class_list":{"0":"post-87194","1":"product","2":"type-product","3":"status-publish","4":"has-post-thumbnail","6":"product_cat-visita-en","7":"product_tag-arquitectura-en","8":"product_tag-art-en","9":"product_tag-artnouveau-en","10":"product_tag-barcelona-en","11":"product_tag-catalunya-en","12":"product_tag-cultura-en","13":"product_tag-mataro-en","14":"product_tag-modernism-en","15":"product_tag-modernisme-en","16":"product_tag-modernismo-en","17":"product_tag-puig-i-cadafalch-en","18":"product_tag-visita-en","19":"entry","20":"has-media","22":"first","23":"instock","24":"virtual","25":"sold-individually","26":"purchasable","27":"product-type-booking"},"booking_location":"","booking_location_type":"","booking_duration":1,"booking_duration_unit":"hour","booking_buffer":0,"booking_cost":0,"booking_resources":[],"acf":[],"yoast_head":"<!-- This site is optimized with the Yoast SEO plugin v26.8 - https:\/\/yoast.com\/product\/yoast-seo-wordpress\/ -->\n<title>International Museum Day: Hidden Courtyards - Casa Coll i Reg\u00e0s<\/title>\n<meta name=\"description\" content=\"Come and discover the jewel of Modernism in Matar\u00f3, a project by the Matar\u00f3 architect Josep Puig i Cadafalch commissioned by the textile industrialist Joaquim Coll i Reg\u00e0s.\" \/>\n<meta name=\"robots\" content=\"index, follow, max-snippet:-1, max-image-preview:large, max-video-preview:-1\" \/>\n<link rel=\"canonical\" href=\"https:\/\/casacolliregas.cat\/en\/producte\/special-visit-european-heritage-days-copia\/\" \/>\n<meta property=\"og:locale\" content=\"en_US\" \/>\n<meta property=\"og:type\" content=\"article\" \/>\n<meta property=\"og:title\" content=\"International Museum Day: Hidden Courtyards - Casa Coll i Reg\u00e0s\" \/>\n<meta property=\"og:description\" content=\"Come and discover the jewel of Modernism in Matar\u00f3, a project by the Matar\u00f3 architect Josep Puig i Cadafalch commissioned by the textile industrialist Joaquim Coll i Reg\u00e0s.\" \/>\n<meta property=\"og:url\" content=\"https:\/\/casacolliregas.cat\/en\/producte\/special-visit-european-heritage-days-copia\/\" \/>\n<meta property=\"og:site_name\" content=\"Casa Coll i Reg\u00e0s\" \/>\n<meta property=\"article:publisher\" content=\"https:\/\/www.facebook.com\/casacolliregas\/\" \/>\n<meta property=\"article:modified_time\" content=\"2026-04-29T12:22:42+00:00\" \/>\n<meta property=\"og:image\" content=\"https:\/\/casacolliregas.cat\/wp-content\/uploads\/2025\/04\/pati1.png\" \/>\n\t<meta property=\"og:image:width\" content=\"1024\" \/>\n\t<meta property=\"og:image:height\" content=\"682\" \/>\n\t<meta property=\"og:image:type\" content=\"image\/png\" \/>\n<meta name=\"twitter:card\" content=\"summary_large_image\" \/>\n<meta name=\"twitter:site\" content=\"@casacolliregas\" \/>\n<meta name=\"twitter:label1\" content=\"Est. reading time\" \/>\n\t<meta name=\"twitter:data1\" content=\"1 minute\" \/>\n<!-- \/ Yoast SEO plugin. -->","yoast_head_json":{"title":"International Museum Day: Hidden Courtyards - Casa Coll i Reg\u00e0s","description":"Come and discover the jewel of Modernism in Matar\u00f3, a project by the Matar\u00f3 architect Josep Puig i Cadafalch commissioned by the textile industrialist Joaquim Coll i Reg\u00e0s.","robots":{"index":"index","follow":"follow","max-snippet":"max-snippet:-1","max-image-preview":"max-image-preview:large","max-video-preview":"max-video-preview:-1"},"canonical":"https:\/\/casacolliregas.cat\/en\/producte\/special-visit-european-heritage-days-copia\/","og_locale":"en_US","og_type":"article","og_title":"International Museum Day: Hidden Courtyards - Casa Coll i Reg\u00e0s","og_description":"Come and discover the jewel of Modernism in Matar\u00f3, a project by the Matar\u00f3 architect Josep Puig i Cadafalch commissioned by the textile industrialist Joaquim Coll i Reg\u00e0s.","og_url":"https:\/\/casacolliregas.cat\/en\/producte\/special-visit-european-heritage-days-copia\/","og_site_name":"Casa Coll i Reg\u00e0s","article_publisher":"https:\/\/www.facebook.com\/casacolliregas\/","article_modified_time":"2026-04-29T12:22:42+00:00","og_image":[{"width":1024,"height":682,"url":"https:\/\/casacolliregas.cat\/wp-content\/uploads\/2025\/04\/pati1.png","type":"image\/png"}],"twitter_card":"summary_large_image","twitter_site":"@casacolliregas","twitter_misc":{"Est. reading time":"1 minute"},"schema":{"@context":"https:\/\/schema.org","@graph":[{"@type":"WebPage","@id":"https:\/\/casacolliregas.cat\/en\/producte\/special-visit-european-heritage-days-copia\/","url":"https:\/\/casacolliregas.cat\/en\/producte\/special-visit-european-heritage-days-copia\/","name":"International Museum Day: Hidden Courtyards - Casa Coll i Reg\u00e0s","isPartOf":{"@id":"https:\/\/casacolliregas.cat\/#website"},"primaryImageOfPage":{"@id":"https:\/\/casacolliregas.cat\/en\/producte\/special-visit-european-heritage-days-copia\/#primaryimage"},"image":{"@id":"https:\/\/casacolliregas.cat\/en\/producte\/special-visit-european-heritage-days-copia\/#primaryimage"},"thumbnailUrl":"https:\/\/casacolliregas.cat\/wp-content\/uploads\/2025\/04\/pati1.png","datePublished":"2026-04-29T12:15:55+00:00","dateModified":"2026-04-29T12:22:42+00:00","description":"Come and discover the jewel of Modernism in Matar\u00f3, a project by the Matar\u00f3 architect Josep Puig i Cadafalch commissioned by the textile industrialist Joaquim Coll i Reg\u00e0s.","breadcrumb":{"@id":"https:\/\/casacolliregas.cat\/en\/producte\/special-visit-european-heritage-days-copia\/#breadcrumb"},"inLanguage":"en-US","potentialAction":[{"@type":"ReadAction","target":["https:\/\/casacolliregas.cat\/en\/producte\/special-visit-european-heritage-days-copia\/"]}]},{"@type":"ImageObject","inLanguage":"en-US","@id":"https:\/\/casacolliregas.cat\/en\/producte\/special-visit-european-heritage-days-copia\/#primaryimage","url":"https:\/\/casacolliregas.cat\/wp-content\/uploads\/2025\/04\/pati1.png","contentUrl":"https:\/\/casacolliregas.cat\/wp-content\/uploads\/2025\/04\/pati1.png","width":1024,"height":682},{"@type":"BreadcrumbList","@id":"https:\/\/casacolliregas.cat\/en\/producte\/special-visit-european-heritage-days-copia\/#breadcrumb","itemListElement":[{"@type":"ListItem","position":1,"name":"Inici","item":"https:\/\/casacolliregas.cat\/en\/"},{"@type":"ListItem","position":2,"name":"GUIDED TOURS AND ACTIVITIES","item":"https:\/\/casacolliregas.cat\/en\/tickets\/"},{"@type":"ListItem","position":3,"name":"International Museum Day: Hidden Courtyards"}]},{"@type":"WebSite","@id":"https:\/\/casacolliregas.cat\/#website","url":"https:\/\/casacolliregas.cat\/","name":"Casa Coll i Reg\u00e0s","description":"","publisher":{"@id":"https:\/\/casacolliregas.cat\/#organization"},"potentialAction":[{"@type":"SearchAction","target":{"@type":"EntryPoint","urlTemplate":"https:\/\/casacolliregas.cat\/?s={search_term_string}"},"query-input":{"@type":"PropertyValueSpecification","valueRequired":true,"valueName":"search_term_string"}}],"inLanguage":"en-US"},{"@type":"Organization","@id":"https:\/\/casacolliregas.cat\/#organization","name":"Casa Coll i Reg\u00e0s","url":"https:\/\/casacolliregas.cat\/","logo":{"@type":"ImageObject","inLanguage":"en-US","@id":"https:\/\/casacolliregas.cat\/#\/schema\/logo\/image\/","url":"https:\/\/casacolliregas.cat\/wp-content\/uploads\/2017\/09\/logo-casa-coll-i-regas.jpg","contentUrl":"https:\/\/casacolliregas.cat\/wp-content\/uploads\/2017\/09\/logo-casa-coll-i-regas.jpg","width":190,"height":125,"caption":"Casa Coll i Reg\u00e0s"},"image":{"@id":"https:\/\/casacolliregas.cat\/#\/schema\/logo\/image\/"},"sameAs":["https:\/\/www.facebook.com\/casacolliregas\/","https:\/\/x.com\/casacolliregas","https:\/\/instagram.com\/casacolliregas","https:\/\/ca.wikipedia.org\/wiki\/Casa_Coll_i_Reg\u00e0s"]}]}},"_links":{"self":[{"href":"https:\/\/casacolliregas.cat\/en\/wp-json\/wp\/v2\/product\/87194","targetHints":{"allow":["GET"]}}],"collection":[{"href":"https:\/\/casacolliregas.cat\/en\/wp-json\/wp\/v2\/product"}],"about":[{"href":"https:\/\/casacolliregas.cat\/en\/wp-json\/wp\/v2\/types\/product"}],"wp:featuredmedia":[{"embeddable":true,"href":"https:\/\/casacolliregas.cat\/en\/wp-json\/wp\/v2\/media\/73816"}],"wp:attachment":[{"href":"https:\/\/casacolliregas.cat\/en\/wp-json\/wp\/v2\/media?parent=87194"}],"wp:term":[{"taxonomy":"product_brand","embeddable":true,"href":"https:\/\/casacolliregas.cat\/en\/wp-json\/wp\/v2\/product_brand?post=87194"},{"taxonomy":"product_cat","embeddable":true,"href":"https:\/\/casacolliregas.cat\/en\/wp-json\/wp\/v2\/product_cat?post=87194"},{"taxonomy":"product_tag","embeddable":true,"href":"https:\/\/casacolliregas.cat\/en\/wp-json\/wp\/v2\/product_tag?post=87194"}],"curies":[{"name":"wp","href":"https:\/\/api.w.org\/{rel}","templated":true}]}}

<p><strong>THE CASA COLL I REGÀS: HIDDEN COURTYARDS</strong></p>
<p>Visit the main floor of the House with exclusive access to the first floor to discover the most hidden courtyards of the House:</p>
<p>Celobert space and courtyard area, the largest in all of Mataró (first floor not adapted for people with reduced mobility).</p>
<p><strong>Sunday 17 at 11am, 12pm and 1pm!</strong></p>
<p>Price: Free (maximum 4 tickets per reservation)<br />
Duration: 45 minutes<br />
More information at <a href="mailto:visites@casacolliregas.cat">visites@casacolliregas.cat</a> and T. 682156765<br />
Organized by: Fundació Iluro</p>

<p>THE CASA COLL I REGÀS: HIDDEN COURTYARDS Visit the main floor of the House with exclusive access to the first floor to discover the most hidden courtyards of the House: Celobert space and courtyard area, the largest in all of&hellip;</p>

<!-- This site is optimized with the Yoast SEO plugin v26.8 - https://yoast.com/product/yoast-seo-wordpress/ -->
<title>International Museum Day: Hidden Courtyards - Casa Coll i Regàs</title>
<meta name="description" content="Come and discover the jewel of Modernism in Mataró, a project by the Mataró architect Josep Puig i Cadafalch commissioned by the textile industrialist Joaquim Coll i Regàs." />
<meta name="robots" content="index, follow, max-snippet:-1, max-image-preview:large, max-video-preview:-1" />
<link rel="canonical" href="https://casacolliregas.cat/en/producte/special-visit-european-heritage-days-copia/" />
<meta property="og:locale" content="en_US" />
<meta property="og:type" content="article" />
<meta property="og:title" content="International Museum Day: Hidden Courtyards - Casa Coll i Regàs" />
<meta property="og:description" content="Come and discover the jewel of Modernism in Mataró, a project by the Mataró architect Josep Puig i Cadafalch commissioned by the textile industrialist Joaquim Coll i Regàs." />
<meta property="og:url" content="https://casacolliregas.cat/en/producte/special-visit-european-heritage-days-copia/" />
<meta property="og:site_name" content="Casa Coll i Regàs" />
<meta property="article:publisher" content="https://www.facebook.com/casacolliregas/" />
<meta property="article:modified_time" content="2026-04-29T12:22:42+00:00" />
<meta property="og:image" content="https://casacolliregas.cat/wp-content/uploads/2025/04/pati1.png" />
	<meta property="og:image:width" content="1024" />
	<meta property="og:image:height" content="682" />
	<meta property="og:image:type" content="image/png" />
<meta name="twitter:card" content="summary_large_image" />
<meta name="twitter:site" content="@casacolliregas" />
<meta name="twitter:label1" content="Est. reading time" />
	<meta name="twitter:data1" content="1 minute" />
<!-- / Yoast SEO plugin. -->

International Museum Day: Hidden Courtyards - Casa Coll i Regàs

Come and discover the jewel of Modernism in Mataró, a project by the Mataró architect Josep Puig i Cadafalch commissioned by the textile industrialist Joaquim Coll i Regàs.

Casa Coll i Regàs

https://ca.wikipedia.org/wiki/Casa_Coll_i_Regàs
